- (-38 - -9). What is s(q)?
186
Let r = 7247 + -7232. Let m(b) be the third derivative of 0*b + 1/2*b**3 - r*b**2 + 5/24*b**4 + 0. Calculate m(-2).
-7
Suppose -3*k + 3 = -2*k. Let p(l) be the second derivative of -l**4/4 + l**3/2 - 23819*l + 2. Calculate p(k).
-18
Let z(x) = -x**3 - 5*x**2 + 9*x + 1. Let i be (4 - (-80)/(-10)) + (-28)/(-1). Suppose -30 = 4*p - 2*w, -p - i = 4*p + 2*w. Calculate z(p).
-17
Let h(b) = 2*b + 1. Let v(o) = -o**3 + 4*o**2 + 4*o + 6. Let r be v(5). Let z be -28 + (-11)/((-22)/4). Let n be (-13)/z*(r - -1). Calculate h(n).
3
Let a(z) = -z + 1. Suppose 2*h + 3*h = -15, 2*h = -4*q + 1586. Let u = q - 394. Give a(u).
-3
Let w(p) = p**2 - 17*p + 13. Let a(k) = -2*k + 3. Let z(b) = -11*a(b) + w(b). Determine z(-7).
-6
Let z(y) = y - 19. Let s = -647 + 930. Let b = s - 153. Let w = 140 - b. What is z(w)?
-9
Let a(q) = 81406*q + 81392*q + 12 - 162813*q. Give a(6).
-78
Let x(k) be the third derivative of k**6/120 + k**5/30 - k**4/12 + 4*k**3/3 + 2*k**2 - 81. Calculate x(-5).
-57
Let u be ((-3)/4)/((-2)/8). Let x be 8/(-44) - (-72)/33. Let a(g) = 0 + g + g**u - 71*g**x - 2 + 69*g**2. Give a(3).
10
Let u(v) be the first derivative of -v**4/4 - 2*v**3 - v**2/2 + 3*v - 1. Suppose -121 = 51*l + 96 + 89. Determine u(l).
9
Let n(o) = -o - 40. Let j be n(0). Suppose 242*g - 168 = 256*g. Let k be (9/g)/((-15)/j). Let a(s) = s**2 - s - 1. What is a(k)?
5
Let p(a) = a**3 - 6*a**2 + 7*a - 3. Let k be p(5). Let b = -374 - -385. Let g = k - b. Let y(l) = -l**3 - 3*l**2 + 5*l + 3. Calculate y(g).
-1
Let p be 21/(-3)*(-2340)/(-105). Let y = 146 + p. Let w(n) = -2*n - 9. Give w(y).
11
Let f(b) = -1 - 5*b**2 - 3*b**2 - 4*b**2. Suppose -w - 24*g = -22*g + 3, 4*g + 16 = -4*w. Let r be 6/w + (-15)/(-75). Calculate f(r).
-13
Let t(p) = -p**2 + 11*p - 6. Let x = -5336 - -5345. Give t(x).
12
Let p(y) = y**3 - 4*y**2 - 2*y + 3. Let j = 26 + -24. Suppose 0 = -u - 3*u - 4*q + 16, 5*u - j*q = 27. Give p(u).
18
Let p(u) be the first derivative of u**4/4 - 19*u**3/3 - 5*u**2/2 + 29*u + 6705. What is p(19)?
-66
Let g(v) = -5*v + 3. Let n be g(0). Let f(o) = -8*o - n*o - o - 2 + 13*o. What is f(-5)?
-7
Suppose 2*z - 9 - 13 = -4*h, 26 = 2*h - 4*z. Let q(v) = -19*v**2 + 22*v - 2. Let s(o) = 3*o**2 - 4*o. Let w(r) = -2*q(r) - 13*s(r). Calculate w(h).
11
Let s(p) = -4*p**3 + 11*p**2 + 17*p - 9. Let f(o) = -6*o**3 + 22*o**2 + 19*o - 13. Let b(d) = 3*f(d) - 4*s(d). What is b(10)?
87
Let s(w) = -189*w**3 + w - w + 190*w**3. Let j(d) = -3*d + 41. Let t be j(12). Suppose 0 = t*x - f - 2 - 13, -4*x = -3*f - 23. What is s(x)?
8
Let i(r) = -5*r**2 + 21*r + 51. Let j(o) = o**2 - o. Let f(h) = i(h) + 6*j(h). What is f(-6)?
-3
Let q(r) = -932*r + 928*r + 3*r**2 - 4*r**2 - 7. Give q(-3).
-4
Suppose 9*j - 23 - 31 = 0. Let d(y) = 10 - 7 + 0 + j*y. Determine d(3).
21
Suppose -8*i = -6*i - 4. Suppose -1 + 1 = -i*o. Let d be (-1 - -7)*(2 + -1 - o). Let r(x) = x - 2. Give r(d).
4
Let a(f) = f**3 - 4*f**2 + 3*f + 4. Suppose -30 = 13*z - 19*z. Suppose -3*m = z*j - 27, j - m = 1 - 2. Determine a(j).
4
Let r be 20 - 14 - (-1 + 2). Let a(j) = -j**2 - 19*j + 116. Let u be a(r). Let n(i) = i**3 + 3*i**2 + 4*i + 4. What is n(u)?
-28
Let n(k) = 2*k - 5. Suppose 1396 = -11*u + 153. Let y = -101 - u. Let z(h) = 2*h**2 - 22*h - 20. Let o be z(y). Calculate n(o).
3
Let v(m) = -m**3 + 7*m**2 - 27*m + 53. Suppose -319 = 17*z - 200 - 187. What is v(z)?
-7
Let a(u) be the first derivative of -u**6/360 + u**5/15 + 5*u**4/12 - u**3/3 + 133. Let l(t) be the third derivative of a(t). Calculate l(8).
10
Let t be (9/7)/(11/77). Let c be (-55)/(-30)*4 + (-3)/t. Let a(b) = b**3 - 7*b**2 + b + 2. Give a(c).
9
Let j(a) = 4*a. Let t(k) = k**2 - 6*k - 3. Let v be t(7). Let i be j(v). Suppose 4*y + i = -12. Let g(r) = -r - 8. Determine g(y).
-1
Let i(w) = 4*w**2 + 6*w + 6. Suppose l + 4 = -5*o + 1, 0 = l - 5*o + 3. What is i(l)?
24
Let y = -268 + 139. Let g = y - -133. Let a(s) = s**2 - 5*s + 1. Give a(g).
-3
Suppose 4*z + 2*w - 2 = -0*z, -5*z - 2*w + 2 = 0. Let o(t) = z + 10*t + 16*t + t**2 + 6 - 25*t. What is o(-5)?
26
Let c(n) = n**3 + 4*n**2 + 2*n - 2. Let t be c(-2). Let g(p) = 6 + t*p - 1 - 6 + 3. Calculate g(3).
8
Let l(v) = -v - 8 - v**2 - 16 + 11. Let i be (-2 + 1)*(-2 + 2). Let c be 1*(0 + -1)*i. Calculate l(c).
-13
Let l(q) be the second derivative of -q**4/3 + 19*q**3/6 + 7*q**2/2 - 5*q + 1028. Give l(8).
-97
Let d(j) be the first derivative of -4*j**2 + 3*j + 1445. Calculate d(4).
-29
Let j(w) = -w**3 + 18*w**2 - 10*w - 18. Let q be j(17). Let k = -107 + q. Let b(d) = -d**2 - 4*d + 7. Determine b(k).
-5
Let b(v) = 6965 + 6966 - 21*v + 5*v - 13921. What is b(5)?
-70
Let b(k) = 2*k + 27. Let z(t) = -2*t - 35. Let r(y) = 4*b(y) + 3*z(y). Suppose -6*u + 9 - 27 = 0. Calculate r(u).
-3
Let t(p) = 35*p**2 + 80*p - 154. Let d(q) = -22*q**2 - 53*q + 102. Let l(v) = 8*d(v) + 5*t(v). What is l(-26)?
-6
Suppose -33*g = -34*g - 65. Let a be -3 + g/(-25) + (-44)/(-10). Let h(n) = 8*n + n - 4*n + a - 7*n. What is h(5)?
-6
Suppose 3*u = -6 + 12. Let m(h) = 2*h**3 - 8*h**2 - 1. Let a(r) = -r**3 + 3*r**2 + r. Let c(p) = -a(p) - m(p). What is c(u)?
11
Let r(b) be the third derivative of -5*b**4/12 + 13*b**3/6 - 639*b**2. Determine r(1).
3
Let v be 2 + -1*4 - -21. Let s(l) = l**3 - 11*l**2 - 2*l + 45. Let d be s(11). Let o = v - d. Let g(u) = -2*u - 6. Calculate g(o).
2
Let v(h) = h - 3. Let x be (0 + -13)*2*1. Let a = x - -30. Suppose 3*p = 2*o + 25, -a*p + 36 = -5*o - 2. Calculate v(p).
4
Let v(y) be the second derivative of -y**5 + y**3/2 + 3*y**2/2 - 3*y + 1059. Calculate v(-1).
20
Let c(i) = -9*i + 638. Suppose 0 = -780*v + 172*v + 43168. Give c(v).
-1
Let p(z) be the second derivative of z**5/20 - 7*z**4/4 - z**3/6 + 13*z**2/2 + 840*z. What is p(21)?
-8
Let r(d) = 2*d**2 - 2. Suppose -16*l = -12*l - 11*l + 7. Calculate r(l).
0
Suppose k + 63 = -35. Let w = -97 - k. Let n(t) = -10*t**3 + 2*t**2 - 1. Determine n(w).
-9
Let i(w) = -w**2 + 4*w + 4. Let f(u) = -2*u**2 + 1. Let r(q) = 3*f(q) + i(q). Let l(g) = -11*g**2 + 6*g + 11. Let o(k) = 5*l(k) - 8*r(k). Calculate o(-1).
2
Let a(r) be the first derivative of 5*r**3/3 + r - 2. Let k(b) = 12*b - 85. Let q be k(7). Calculate a(q).
6
Let u(c) = -2*c - 16 + 7 + 3*c + 2*c. Suppose -d + f = -4, -d = 3*d - 2*f - 26. Suppose w - 4*l - 11 = -d*l, -25 = -4*w - l. Determine u(w).
9
Let n(f) be the second derivative of -2/3*f**3 - 198*f + 1/10*f**5 + f**2 - 7/12*f**4 + 0. Determine n(4).
2
Let d(t) be the third derivative of -34*t**2 + 1/2*t**3 + 0 - 1/24*t**4 + 4*t. Determine d(8).
-5
Let j(b) = 5195 - 1753 - 1745 - 2*b - 1730. Calculate j(4).
-41
Let y(g) = -4*g - 171. Let q = 43702 + -43745. Determine y(q).
1
Let a(f) = -f**2 - 10*f + 5. Let i(h) = 7*h**2 + 6*h + 4. Let x(z) = -6*z**2 - 5*z - 3. Let q(w) = -5*i(w) - 6*x(w). Let y(g) = -a(g) - 2*q(g). Calculate y(10).
-1
Let m(a) be the second derivative of a**4/6 + 23*a**3/3 - 7*a**2/2 + 99*a. Let d be m(-23). Let r(k) = k**2 + 7*k - 1. Determine r(d).
-1
Let w(d) = -d**2 - 46*d + 6. Let h(s) = -s**2 - 15*s + 1. Let p(m) = 6*h(m) - 2*w(m). What is p(5)?
-96
Suppose -6 = 5*r - 21. Let u(y) = -r*y + 3*y + 7 - 2*y + 5*y. Calculate u(5).
22
Suppose 4*d - 54 + 78 = n, 5*d + 26 = n. Let z(q) = 10*q - 47. Give z(n).
113
Let o(m) = -62*m + 5. Let k(t) = 41*t - 3. Let h(i) = 7*k(i) + 5*o(i). Let l(f) = 0 - 5 - 1603*f + 1580*f + 10. Let v(s) = 6*h(s) - 5*l(s). Give v(-1).
22
Let q be 3/((-8)/44 + 30/44). Let x(i) = q*i**2 - 392*i + 2 - 390*i + 785*i. Calculate x(-2).
20
Let j(k) = -210*k + 105*k - 17 + 27 + 104*k - 8. Let n = 1 - 5. Let u be 0*(-2)/n + 3. What is j(u)?
-1
Let g(x) be the second derivative of -1/20*x**5 + 3*x**2 + 5/12*x**4 - x**3 + 0 - 12*x. Let j(c) = -17*c + 4. Let y be j(0). What is g(y)?
-2
Let z(t) be the third derivative of t**4/4 - t**3/6 - 2*t**2. Let f be 4/(-288)*-18*-4. Give z(f).
-7
Let n = 32 - 49. Let h(g) = 3 + 5*g - 10*g + 3*g - 4 + g - 21. Calculate h(n).
-5
Suppose -3*g - 5*y - 21 - 25 = 0, 2*g + 2*y + 28 = 0. Let m(b) = b + 4. What is m(g)?
-8
Let v = 195 + -181. Suppose -5*t + v = -26. Let i(l) = l**2 - 7*l - 9. What is i(t)?
-1
Let p(q) = 9*q - 6. Let r(k) = -4*k + 3. Let j(s) = 6*p(s) + 13*r(s). Let n be (-32)/(-6) - (-4)/6 - 810/90. Give j(n).
-3
Let i = -606 - -646. Suppose 4*c - c - m